{"id":72,"date":"2019-01-05T23:35:26","date_gmt":"2019-01-05T22:35:26","guid":{"rendered":"http:\/\/wordpress.judo-steinheim.de\/?page_id=72"},"modified":"2022-05-17T22:43:28","modified_gmt":"2022-05-17T20:43:28","slug":"2013-2","status":"publish","type":"page","link":"https:\/\/www.judo-steinheim.de\/index.php\/erfolge-2023\/erfolge-2022\/archiv\/2013-2\/","title":{"rendered":"Erfolge 2013"},"content":{"rendered":"\n<h2 class=\"wp-block-heading\">u10<\/h2>\n\n\n\n<h5 class=\"wp-block-heading\">Nordw\u00fcrttembergische Einzelmeisterschaften<\/h5>\n\n\n\n<p>1. Platz Malte Kritzer, Luca Stadlmeir, Julius Stadtfeld<br>2. Platz Maximilian H\u00f6ber, Colin Rieg, Franziska Fleischle<br>3. Platz \u00c4nis Abdelli<\/p>\n\n\n\n<h5 class=\"wp-block-heading\">Bezirkseinzelmeisterschaften<\/h5>\n\n\n\n<p>1. Platz Luca Stadlmeir, \u00c4nis Abdelli, Julius Stadtfeld, Benedikt Neuhoff <br>2. Platz Malte Kritzer, Colin Rieg, Julius Ziegner<br>3. Platz Paul-Luis Vaca Reuter, Mia Eisenschmidt, Dilay Yilmaz und Katharina Scholly<\/p>\n\n\n\n<h5 class=\"wp-block-heading\">Nordw\u00fcrttembergische Mannschaftsmeisterschaften<\/h5>\n\n\n\n<p>2. Platz JudoTeam Steinheim m\u00e4nnlich <\/p>\n\n\n\n<h5 class=\"wp-block-heading\">Bezirksmannschaftsmeisterschaften<\/h5>\n\n\n\n<p>2. Platz JudoTeam Steinheim m\u00e4nnlich <\/p>\n\n\n\n<h2 class=\"wp-block-heading\">u12<\/h2>\n\n\n\n<h5 class=\"wp-block-heading\">W\u00fcrttembergische Einzelmeisterschaften<\/h5>\n\n\n\n<p>3. Platz Olivia Siegemund <\/p>\n\n\n\n<h5 class=\"wp-block-heading\">Nordw\u00fcrttembergische Einzelmeisterschaften<\/h5>\n\n\n\n<p>3. Platz Olivia Siegemund <\/p>\n\n\n\n<h5 class=\"wp-block-heading\">Bezirkseinzelmeisterschaften<\/h5>\n\n\n\n<p>2. Platz Olivia Siegemund<br>3. Platz Tasin Yilmaz, Simon Rotter, Silas J\u00e4ger <\/p>\n\n\n\n<h5 class=\"wp-block-heading\">Bezirksmannschaftsmeisterschaften<\/h5>\n\n\n\n<p>2. Platz JudoTeam Steinheim m\u00e4nnlich<\/p>\n\n\n\n<h2 class=\"wp-block-heading\">u13<\/h2>\n\n\n\n<h5 class=\"wp-block-heading\">Offene Baden-W\u00fcrttembergische Einzelmeisterschaften<\/h5>\n\n\n\n<p>1. Platz Annika Rehn<\/p>\n\n\n\n<h2 class=\"wp-block-heading\">u15<\/h2>\n\n\n\n<h5 class=\"wp-block-heading\">S\u00fcddeutsche Einzelmeisterschaften<\/h5>\n\n\n\n<p>3. Platz Marvin Kurz, Mira Hampp <\/p>\n\n\n\n<h5 class=\"wp-block-heading\">W\u00fcrttembergische Einzelmeisterschaften<\/h5>\n\n\n\n<p>2. Platz Fabia R\u00f6sch<\/p>\n\n\n\n<h5 class=\"wp-block-heading\">Nordw\u00fcrttembergische Einzelmeisterschaften<\/h5>\n\n\n\n<p>1. Platz Marvin Kurz, Fabia R\u00f6sch, Mira Hampp<br>2. Platz Annika Rehn<br>3. Platz Gordon Geiger<\/p>\n\n\n\n<h5 class=\"wp-block-heading\">Offene Baden-W\u00fcrttembergische Einzelmeisterschaften<\/h5>\n\n\n\n<p>1. Platz Marvin Kurz<br>\n2. Platz Annika Rehn<br>\n3. Platz Fabia R\u00f6sch<\/p>\n\n\n\n<h5 class=\"wp-block-heading\">S\u00fcddeutsche Mannschaftsmeisterschaften<\/h5>\n\n\n\n<p>2. Platz JudoTeam Steinheim weiblich (Kampfgemeinschaft mit\nJZ Heubach)<\/p>\n\n\n\n<h5 class=\"wp-block-heading\">Nordw\u00fcrttembergische Mannschaftsmeisterschaften<\/h5>\n\n\n\n<p>3. Platz JudoTeam Steinheim m\u00e4nnlich<\/p>\n\n\n\n<h2 class=\"wp-block-heading\">u16<\/h2>\n\n\n\n<h5 class=\"wp-block-heading\">Offene Baden-W\u00fcrttembergische Einzelmeisterschaften<\/h5>\n\n\n\n<p>3. Platz Moritz Huber<\/p>\n\n\n\n<h2 class=\"wp-block-heading\">u18<\/h2>\n\n\n\n<h5 class=\"wp-block-heading\">European Cup Berlin<\/h5>\n\n\n\n<p>3. Platz Jana Scheffold<\/p>\n\n\n\n<h5 class=\"wp-block-heading\">Deutsche Einzelmeisterschaften<\/h5>\n\n\n\n<p>1. Platz Jana Scheffold<br>2. Platz Catrin Schopper<\/p>\n\n\n\n<h5 class=\"wp-block-heading\">S\u00fcddeutsche Einzelmeisterschaften<\/h5>\n\n\n\n<p>1. Platz Jana Scheffold<br>2. Platz Catrin Schopper<br>3. Platz Juliane Walter<\/p>\n\n\n\n<h5 class=\"wp-block-heading\">W\u00fcrttembergische Einzelmeisterschaften<\/h5>\n\n\n\n<p>1. Platz Juliane Walter, Jana Scheffold<br>2. Platz Lena-Sophie Rehn<br>3. Platz Annika Br\u00e4uninger, Anja Blechinger, Moritz Huber<\/p>\n\n\n\n<h5 class=\"wp-block-heading\">S\u00fcddeutsche Mannschaftsmeisterschaften<\/h5>\n\n\n\n<p>3. Platz JudoTeam Steinheim weiblich<\/p>\n\n\n\n<h5 class=\"wp-block-heading\">W\u00fcrttembergische Mannschaftsmeisterschaften<\/h5>\n\n\n\n<p>1. Platz JudoTeam Steinheim weiblich<\/p>\n\n\n\n<h2 class=\"wp-block-heading\">u21<\/h2>\n\n\n\n<h5 class=\"wp-block-heading\">European Cup Thessaloniki\/Griechenland<\/h5>\n\n\n\n<p>3. Platz Steffen Hoffmann<\/p>\n\n\n\n<h5 class=\"wp-block-heading\">Deutsche Einzelmeisterschaften<\/h5>\n\n\n\n<p>3. Platz Steffen Hoffmann<br>5. Platz Guido Kramer<\/p>\n\n\n\n<h5 class=\"wp-block-heading\">S\u00fcddeutsche Einzelmeisterschaften<\/h5>\n\n\n\n<p>3. Platz Guido Kramer, Felix Huber <\/p>\n\n\n\n<h5 class=\"wp-block-heading\">W\u00fcrttembergische Einzelmeisterschaften<\/h5>\n\n\n\n<p>1. Platz Norman K\u00e4stle<br>2. Platz Guido Kramer<br>3. Platz Felix Huber<\/p>\n\n\n\n<h2 class=\"wp-block-heading\">Frauen &amp; M\u00e4nner<\/h2>\n\n\n\n<h5 class=\"wp-block-heading\">Deutsche Einzelmeisterschaften<\/h5>\n\n\n\n<p>1. Platz Rebecca Br\u00e4uninger<\/p>\n\n\n\n<h5 class=\"wp-block-heading\">Baden-W\u00fcrttembergische Einzelmeisterschaften<\/h5>\n\n\n\n<p>2. Platz Guido Kramer<\/p>\n\n\n\n<h5 class=\"wp-block-heading\">W\u00fcrttenbergliga M\u00e4nner<\/h5>\n\n\n\n<p>2. Platz Judo Team Steinheim 1<\/p>\n\n\n\n<h5 class=\"wp-block-heading\">Landesliga Nord M\u00e4nner<\/h5>\n\n\n\n<p>5. Platz Judo Team Steinheim 2<\/p>\n\n\n\n<h5 class=\"wp-block-heading\">Landesliga Frauen<\/h5>\n\n\n\n<p>3. Platz Judo Team Steinheim<\/p>\n","protected":false},"excerpt":{"rendered":"<p>u10 Nordw\u00fcrttembergische Einzelmeisterschaften 1. Platz Malte Kritzer, Luca Stadlmeir, Julius Stadtfeld2. Platz Maximilian H\u00f6ber, Colin Rieg, Franziska Fleischle3. Platz \u00c4nis Abdelli Bezirkseinzelmeisterschaften 1. Platz Luca Stadlmeir, \u00c4nis Abdelli, Julius Stadtfeld, Benedikt Neuhoff 2. Platz Malte Kritzer, Colin Rieg, Julius Ziegner3. Platz Paul-Luis Vaca Reuter, Mia Eisenschmidt, Dilay Yilmaz und Katharina Scholly Nordw\u00fcrttembergische Mannschaftsmeisterschaften 2. Platz &hellip; <a href=\"https:\/\/www.judo-steinheim.de\/index.php\/erfolge-2023\/erfolge-2022\/archiv\/2013-2\/\" class=\"more-link\"><span class=\"screen-reader-text\">\u201eErfolge 2013\u201c<\/span> weiterlesen<\/a><\/p>\n","protected":false},"author":1,"featured_media":0,"parent":85,"menu_order":0,"comment_status":"closed","ping_status":"closed","template":"","meta":{"footnotes":""},"class_list":["post-72","page","type-page","status-publish","hentry"],"_links":{"self":[{"href":"https:\/\/www.judo-steinheim.de\/index.php\/wp-json\/wp\/v2\/pages\/72","targetHints":{"allow":["GET"]}}],"collection":[{"href":"https:\/\/www.judo-steinheim.de\/index.php\/wp-json\/wp\/v2\/pages"}],"about":[{"href":"https:\/\/www.judo-steinheim.de\/index.php\/wp-json\/wp\/v2\/types\/page"}],"author":[{"embeddable":true,"href":"https:\/\/www.judo-steinheim.de\/index.php\/wp-json\/wp\/v2\/users\/1"}],"replies":[{"embeddable":true,"href":"https:\/\/www.judo-steinheim.de\/index.php\/wp-json\/wp\/v2\/comments?post=72"}],"version-history":[{"count":4,"href":"https:\/\/www.judo-steinheim.de\/index.php\/wp-json\/wp\/v2\/pages\/72\/revisions"}],"predecessor-version":[{"id":3598,"href":"https:\/\/www.judo-steinheim.de\/index.php\/wp-json\/wp\/v2\/pages\/72\/revisions\/3598"}],"up":[{"embeddable":true,"href":"https:\/\/www.judo-steinheim.de\/index.php\/wp-json\/wp\/v2\/pages\/85"}],"wp:attachment":[{"href":"https:\/\/www.judo-steinheim.de\/index.php\/wp-json\/wp\/v2\/media?parent=72"}],"curies":[{"name":"wp","href":"https:\/\/api.w.org\/{rel}","templated":true}]}}