{"id":4666,"date":"2024-01-11T00:20:53","date_gmt":"2024-01-10T23:20:53","guid":{"rendered":"https:\/\/www.judo-steinheim.de\/?page_id=4666"},"modified":"2025-01-15T22:44:33","modified_gmt":"2025-01-15T21:44:33","slug":"events","status":"publish","type":"page","link":"https:\/\/www.judo-steinheim.de\/index.php\/events\/","title":{"rendered":"Kindergeburtstag"},"content":{"rendered":"\n<p><a href=\"mailto:events@judo-steinheim.de\">events@judo-steinheim.de<\/a><\/p>\n\n\n\n<figure class=\"wp-block-image size-full\"><img loading=\"lazy\" decoding=\"async\" width=\"660\" height=\"925\" src=\"https:\/\/www.judo-steinheim.de\/wp-content\/uploads\/2025\/01\/2025-01-15-22_34_11-Window.png\" alt=\"\" class=\"wp-image-4727\" srcset=\"https:\/\/www.judo-steinheim.de\/wp-content\/uploads\/2025\/01\/2025-01-15-22_34_11-Window.png 660w, https:\/\/www.judo-steinheim.de\/wp-content\/uploads\/2025\/01\/2025-01-15-22_34_11-Window-214x300.png 214w\" sizes=\"auto, (max-width: 660px) 85vw, 660px\" \/><\/figure>\n\n\n\n<p><\/p>\n\n\n\n<p><strong>Erlebe einen tollen sportlichen Geburtstag gemeinsam mit deinen Freunden!<br><\/strong>Was erwartet dich und deine Freunde? Bewegungsspiele, Parcours, R\u00e4tselspa\u00df und vieles mehr sowie eine kleine \u00dcberraschung f\u00fcr jeden von euch<\/p>\n","protected":false},"excerpt":{"rendered":"<p>events@judo-steinheim.de Erlebe einen tollen sportlichen Geburtstag gemeinsam mit deinen Freunden!Was erwartet dich und deine Freunde? Bewegungsspiele, Parcours, R\u00e4tselspa\u00df und vieles mehr sowie eine kleine \u00dcberraschung f\u00fcr jeden von euch<\/p>\n","protected":false},"author":1,"featured_media":0,"parent":0,"menu_order":0,"comment_status":"closed","ping_status":"closed","template":"","meta":{"footnotes":""},"class_list":["post-4666","page","type-page","status-publish","hentry"],"_links":{"self":[{"href":"https:\/\/www.judo-steinheim.de\/index.php\/wp-json\/wp\/v2\/pages\/4666","targetHints":{"allow":["GET"]}}],"collection":[{"href":"https:\/\/www.judo-steinheim.de\/index.php\/wp-json\/wp\/v2\/pages"}],"about":[{"href":"https:\/\/www.judo-steinheim.de\/index.php\/wp-json\/wp\/v2\/types\/page"}],"author":[{"embeddable":true,"href":"https:\/\/www.judo-steinheim.de\/index.php\/wp-json\/wp\/v2\/users\/1"}],"replies":[{"embeddable":true,"href":"https:\/\/www.judo-steinheim.de\/index.php\/wp-json\/wp\/v2\/comments?post=4666"}],"version-history":[{"count":3,"href":"https:\/\/www.judo-steinheim.de\/index.php\/wp-json\/wp\/v2\/pages\/4666\/revisions"}],"predecessor-version":[{"id":4728,"href":"https:\/\/www.judo-steinheim.de\/index.php\/wp-json\/wp\/v2\/pages\/4666\/revisions\/4728"}],"wp:attachment":[{"href":"https:\/\/www.judo-steinheim.de\/index.php\/wp-json\/wp\/v2\/media?parent=4666"}],"curies":[{"name":"wp","href":"https:\/\/api.w.org\/{rel}","templated":true}]}}