{"id":36,"date":"2022-12-29T10:10:00","date_gmt":"2022-12-29T09:10:00","guid":{"rendered":"http:\/\/wordpress.judo-steinheim.de\/?page_id=36"},"modified":"2022-11-09T21:44:26","modified_gmt":"2022-11-09T20:44:26","slug":"impressum","status":"publish","type":"page","link":"https:\/\/www.judo-steinheim.de\/index.php\/impressum\/","title":{"rendered":"Impressum"},"content":{"rendered":"\n<h5 class=\"wp-block-heading\"><strong>Angaben gem\u00e4\u00df \u00a7 5 TMG<\/strong><br><\/h5>\n\n\n\n<p>Jugendf\u00f6rderverein des JudoTeam Steinheim <br>Verein f\u00fcr Judo und Bewegung e.V.<br>Steig\u00e4ckerstra\u00dfe 51<br>71672 Marbach am Neckar<\/p>\n\n\n\n<p>Vereinsregister: 441<br>Registergericht: Amtsgericht Marbach a.N.<br><\/p>\n\n\n\n<p><strong>Vertreten durch den Vorstand:<br><\/strong>1. Vorsitzender: Beatrix K\u00e4stle (beatrix.kaestle@judo-steinheim.de)<br> 2. Vorsitzender: Thomas Walter (thomas.walter@judo-steinheim.de)<\/p>\n\n\n\n<h5 class=\"wp-block-heading\"><strong>Kontakt<\/strong><br><\/h5>\n\n\n\n<p>Telefon: 0174\/2172900<br>E-Mail: beatrix.kaestle@judo-steinheim.de<\/p>\n\n\n\n<h5 class=\"wp-block-heading\">Umsatzsteuer-ID<\/h5>\n\n\n\n<p>Umsatzsteuer-Identifikationsnummer gem\u00e4\u00df \u00a7 27a Umsatzsteuergesetz: xxx<\/p>\n\n\n\n<h5 class=\"wp-block-heading\"><strong>Redaktionell verantwortlich<\/strong><\/h5>\n\n\n\n<p>Rita Herfurth<br>c\/o JudoTeam Steinheim<br>Autenbachstra\u00dfe 15<br>71711 Steinheim<br>E-Mail: rita.herfurth@judo-steinheim.de<\/p>\n\n\n\n<h5 class=\"wp-block-heading\">EU-Streitschlichtung<\/h5>\n\n\n\n<p>Die Europ\u00e4ische Kommission stellt eine Plattform zur Online-Streitbeilegung (OS) bereit: https:\/\/ec.europa.eu\/consumers\/odr.<br>Unsere E-Mail-Adresse finden Sie oben im Impressum.<br><\/p>\n\n\n\n<p>Verbraucherstreitbeilegung\/Universalschlichtungsstelle<\/p>\n\n\n\n<p>Wir sind nicht bereit oder verpflichtet, an Streitbeilegungsverfahren vor einer<br>Verbraucherschlichtungsstelle teilzunehmen.<\/p>\n\n\n\n<h5 class=\"wp-block-heading\">Haftungsausschluss<\/h5>\n\n\n\n<h6 class=\"wp-block-heading\"><strong>\ufeffHaftung f\u00fcr Inhalte<\/strong><\/h6>\n\n\n\n<p>Die Inhalte unserer Seiten wurden mit gr\u00f6\u00dfter Sorgfalt erstellt. F\u00fcr die Richtigkeit, Vollst\u00e4ndigkeit und Aktualit\u00e4t der Inhalte k\u00f6nnen wir jedoch keine Gew\u00e4hr \u00fcbernehmen. Als Diensteanbieter sind wir gem\u00e4\u00df \u00a7 7 Abs. 1 TMG f\u00fcr eigene Inhalte auf diesen Seiten nach den allgemeinen Gesetzen verantwortlich. Nach \u00a7\u00a7 8 bis 10 TMG sind wir als Diensteanbieter jedoch nicht verpflichtet, \u00fcbermittelte oder gespeicherte fremde Informationen zu \u00fcberwachen oder nach Umst\u00e4nden zu forschen, die auf eine rechtswidrige T\u00e4tigkeit hinweisen. Verpflichtungen zur Entfernung oder Sperrung der Nutzung von Informationen nach den allgemeinen Gesetzen bleiben hiervon unber\u00fchrt. Eine diesbez\u00fcgliche Haftung ist jedoch erst ab dem Zeitpunkt der Kenntnis einer konkreten Rechtsverletzung m\u00f6glich. Bei Bekanntwerden von entsprechenden Rechtsverletzungen werden wir diese Inhalte umgehend entfernen.<\/p>\n\n\n\n<p>Als Diensteanbieter sind wir gem\u00e4\u00df \u00a7 7 Abs. 1 TMG f\u00fcr eigene Inhalte auf diesen Seiten nach den allgemeinen Gesetzen verantwortlich. Nach \u00a7\u00a7 8 bis 10 TMG sind wir als Diensteanbieter jedoch nicht verpflichtet, \u00fcbermittelte oder gespeicherte fremde Informationen zu \u00fcberwachen oder nach Umst\u00e4nden zu forschen, die auf eine rechtswidrige T\u00e4tigkeit hinweisen.<br>Verpflichtungen zur Entfernung oder Sperrung der Nutzung von Informationen nach den allgemeinen<br>Gesetzen bleiben hiervon unber\u00fchrt. Eine diesbez\u00fcgliche Haftung ist jedoch erst ab dem Zeitpunkt der Kenntnis einer konkreten Rechtsverletzung m\u00f6glich. Bei Bekanntwerden von entsprechenden Rechtsverletzungen werden wir diese Inhalte umgehend entfernen.<\/p>\n\n\n\n<h6 class=\"wp-block-heading\"><strong>Haftung f\u00fcr Links<\/strong><\/h6>\n\n\n\n<p>Unser Angebot enth\u00e4lt Links zu externen Websites Dritter, auf deren Inhalte wir keinen Einfluss haben.<br>Deshalb k\u00f6nnen wir f\u00fcr diese fremden Inhalte auch keine Gew\u00e4hr \u00fcbernehmen. F\u00fcr die Inhalte der<br>verlinkten Seiten ist stets der jeweilige Anbieter oder Betreiber der Seiten verantwortlich. Die verlinkten<br>Seiten wurden zum Zeitpunkt der Verlinkung auf m\u00f6gliche Rechtsverst\u00f6\u00dfe \u00fcberpr\u00fcft. Rechtswidrige Inhalte waren zum Zeitpunkt der Verlinkung nicht erkennbar.<br>Eine permanente inhaltliche Kontrolle der verlinkten Seiten ist jedoch ohne konkrete Anhaltspunkte einer<br>Rechtsverletzung nicht zumutbar. Bei Bekanntwerden von Rechtsverletzungen werden wir derartige Links umgehend entfernen.<br><\/p>\n\n\n\n<h6 class=\"wp-block-heading\"><strong>Urheberrecht<\/strong><\/h6>\n\n\n\n<p>Die durch die Seitenbetreiber erstellten Inhalte und Werke auf diesen Seiten unterliegen dem deutschen<br>Urheberrecht. Die Vervielf\u00e4ltigung, Bearbeitung, Verbreitung und jede Art der Verwertung au\u00dferhalb der Grenzen des Urheberrechtes bed\u00fcrfen der schriftlichen Zustimmung des jeweiligen Autors bzw. Erstellers. Downloads und Kopien dieser Seite sind nur f\u00fcr den privaten, nicht kommerziellen Gebrauch gestattet.<br>Soweit die Inhalte auf dieser Seite nicht vom Betreiber erstellt wurden, werden die Urheberrechte Dritter beachtet. Insbesondere werden Inhalte Dritter als solche gekennzeichnet. Sollten Sie trotzdem auf eine Urheberrechtsverletzung aufmerksam werden, bitten wir um einen entsprechenden Hinweis. Bei<br> Bekanntwerden von Rechtsverletzungen werden wir derartige Inhalte umgehend entfernen.<br><\/p>\n\n\n\n<h5 class=\"wp-block-heading\"><strong>Datenschutzerkl\u00e4rung<\/strong><\/h5>\n\n\n\n<p>Der Schutz Ihrer pers\u00f6nlichen Daten ist uns ein besonderes Anliegen. Wir verarbeiten Ihre Daten daher ausschlie\u00dflich auf Grundlage der gesetzlichen Bestimmungen (BDSG, TMG, DSGVO). In diesen Datenschutzinformationen informieren wir Sie \u00fcber die wichtigsten Aspekte der Datenverarbeitung im Rahmen unserer Webseite, insbesondere \u00fcber Umfang und zu welchem Zweck die Erhebung und Verarbeitung personenbezogener Daten erfolgt.<br>Bedenken Sie, dass die Daten\u00fcbertragung im Internet grunds\u00e4tzlich mit Sicherheitsl\u00fccken bedacht sein kann. Ein vollumf\u00e4nglicher Schutz vor dem Zugriff durch Fremde ist nicht realisierbar.<\/p>\n\n\n\n<h6 class=\"wp-block-heading\"><strong>Erfassung allgemeiner Informationen<\/strong><\/h6>\n\n\n\n<p>Wenn Sie auf unsere Webseite zugreifen, werden die Zugriffsdaten (die sog. Server-Logfiles) automatisiert erfasst. Ansonsten werden alle weiteren personenbezogenen Daten durch Ihre Eingabe erhoben. Die im Rahmen des Zugriffs auf unserer Webseite protokollierten Daten beinhalten: Name und Version des Webbrowsers, das verwendete Betriebssystem, die Internetseite, von welcher ein zugreifendes System auf unsere Webseite gelangt, das Datum und die Uhrzeit eines Zugriffs, die Datenmenge und Dauer der Daten\u00fcbertragung, die verwendete Internet-Protokoll-Adresse (IP-Adresse) sowie den Domainnamen Ihres Internet Service Providers.<br>Bei Nutzung dieser allgemeinen Daten ziehen wir keine R\u00fcckschl\u00fcsse auf Ihre Person. Diese Informationen werden jedoch ben\u00f6tigt, um von Ihnen angeforderte Inhalte von Webseiten korrekt auszuliefern sowie Fehler an der Telekommunikationsanlage zu erkennen, einzugrenzen oder zu beseitigen. Sie fallen bei Nutzung des Internets zwingend an. Die Informationen werden von dem von uns beauftragten IT-Dienstleister anonymisiert zu statistischen Zwecken ausgewertet, um unseren Internetauftritt und die dahinter stehende Technik zu optimieren. Eine Zusammenf\u00fchrung der Server-Logdaten mit Daten einer bestimmten nat\u00fcrlichen Person oder anderen Datenquellen erfolgt nicht. Wir behalten uns allerdings vor, die Server-Logfiles nachtr\u00e4glich zu \u00fcberpr\u00fcfen, sollten konkrete Anhaltspunkte auf eine rechtswidrige Nutzung hinweisen.<br>Die anonymen Daten der Server-Logfiles werden getrennt von allen durch eine betroffene Person angegebenen personenbezogenen Daten f\u00fcr maximal 90 Tage gespeichert.<\/p>\n\n\n\n<h6 class=\"wp-block-heading\"><strong>Links zu anderen Webseiten<\/strong><\/h6>\n\n\n\n<p>Rufen Sie eine externe Internetseite von unserer Webseite auf (externer Link), wird der externe Anbieter m\u00f6glicherweise von Ihrem Browser Informationen dar\u00fcber erhalten, von welcher Webseite Sie zu ihm gekommen sind. F\u00fcr diese Daten ist der externe Anbieter verantwortlich. Wir sind, wie jeder andere Webseiten-Betreiber, nicht in der Lage, diesen Vorgang zu beeinflussen.<\/p>\n\n\n\n<h6 class=\"wp-block-heading\"><strong>Verwendung von Google Maps<\/strong><\/h6>\n\n\n\n<p>Diese Webseite verwendet Google Maps API, um geographische Informationen visuell darzustellen. Bei der Nutzung von Google Maps werden von Google auch Daten \u00fcber die Nutzung der Kartenfunktionen durch Besucher erhoben, verarbeitet und genutzt. N\u00e4here Informationen \u00fcber die Datenverarbeitung durch Google k\u00f6nnen Sie den Google-Datenschutzhinweisen entnehmen. Dort k\u00f6nnen Sie im Datenschutzcenter auch Ihre pers\u00f6nlichen Datenschutz-Einstellungen ver\u00e4ndern.<\/p>\n\n\n\n<h6 class=\"wp-block-heading\"><strong>L\u00f6schung bzw. Sperrung der Daten<\/strong><\/h6>\n\n\n\n<p>Wir halten uns an die Grunds\u00e4tze der Datenvermeidung und Datensparsamkeit. Wir speichern Ihre personenbezogenen Daten daher nur so lange, wie dies zur Erreichung der hier genannten Zwecke erforderlich ist oder wie es die vom Gesetzgeber vorgesehenen vielf\u00e4ltigen Speicherfristen vorsehen. Nach Fortfall des jeweiligen Zweckes bzw. Ablauf dieser Fristen werden die entsprechenden Daten routinem\u00e4\u00dfig und entsprechend den gesetzlichen Vorschriften gesperrt oder gel\u00f6scht.<\/p>\n\n\n\n<h6 class=\"wp-block-heading\"><strong>Ihre Rechte auf Auskunft, Berichtigung, Sperre, L\u00f6schung und Widerspruch<\/strong><\/h6>\n\n\n\n<p>Sie haben das Recht, jederzeit Auskunft \u00fcber Ihre bei uns gespeicherten personenbezogenen Daten zu erhalten, Ebenso haben Sie das Recht auf Berichtigung, Sperrung oder, abgesehen von der vorgeschriebenen Datenspeicherung zur Gesch\u00e4ftsabwicklung, L\u00f6schung Ihrer personenbezogenen Daten. Bitte wenden Sie sich dazu an den Datenschutzbeauftragten. Die Kontaktdaten finden Sie ganz unten.<br>Damit eine Sperre jederzeit ber\u00fccksichtigt werden kann, m\u00fcssen diese Daten zu Kontrollzwecken in einer Sperrdatei vorgehalten werden. Sie k\u00f6nnen auch die L\u00f6schung der Daten verlangen, soweit keine gesetzliche Pflicht zur Aufbewahrung von Daten besteht. Soweit eine solche Verpflichtung besteht, sperren wir Ihre Daten auf Wunsch.<br>Wenn wir Daten auf Grund Ihrer Einwilligung verarbeiten, k\u00f6nnen Sie \u00c4nderungen oder den Widerruf einer Einwilligung durch entsprechende Mitteilung an uns mit Wirkung f\u00fcr die Zukunft vornehmen.<br>Wenn Sie meinen, dass wir bei der Erhebung, Verarbeitung oder Nutzung Ihrer pers\u00f6nlichen Daten datenschutzrechtliche Bestimmungen missachtet haben und Sie in Ihren Rechten verletzt worden sind, k\u00f6nnen Sie sich an die zust\u00e4ndige Aufsichtsbeh\u00f6rde wenden.<br><\/p>\n\n\n\n<p><strong>Kontaktdaten (Baden-W\u00fcrttemberg)<\/strong><br>Der Landesbeauftragte f\u00fcr den Datenschutz und die Informationsfreiheit<br>K\u00f6nigstrasse 10a<br>70173 Stuttgart<br>Telefon: 0711\/615541-0<br>Fax: 0711\/615541-15<br>E-Mail: poststelle@lfdi.bwl.de<\/p>\n\n\n\n<h6 class=\"wp-block-heading\"><strong>\u00c4nderungen unserer Datenschutzbestimmungen<\/strong><\/h6>\n\n\n\n<p>Wir behalten uns vor, die Datenschutzerkl\u00e4rung gelegentlich anzupassen, so dass sie stets den aktuellen rechtlichen Anforderungen entspricht oder um \u00c4nderungen unserer Leistungen in der Datenschutzerkl\u00e4rung umzusetzen. F\u00fcr Ihren erneuten Besuch gilt dann die neue Datenschutzerkl\u00e4rung.<\/p>\n\n\n\n<p>Verantwortliche Stelle im Sinne der Datenschutzgesetzte ist:<br>Jugendf\u00f6rderverein des JudoTeam Steinheim <br>Verein f\u00fcr Judo und Bewegung e.V.<br>Steig\u00e4ckerstra\u00dfe 51<br>71672 Marbach am Neckar<br>Telefon: 0174\/2172900<br>E-Mail: beatrix.kaestle@judo-steinheim.de<\/p>\n\n\n\n<h5 class=\"wp-block-heading\">Kommentare<\/h5>\n\n\n\n<p>Wenn Besucher Kommentare auf der Website schreiben, sammeln wir die Daten, die im Kommentar-Formular angezeigt werden, au\u00dferdem die IP-Adresse des Besuchers und den User-Agent-String (damit wird der Browser identifiziert), um die Erkennung von Spam zu unterst\u00fctzen.<br>Aus Ihrer E-Mail-Adresse kann eine anonymisierte Zeichenfolge erstellt (auch Hash genannt) und dem Gravatar-Dienst \u00fcbergeben werden, um zu pr\u00fcfen, ob Sie diesen benutzen. Die Datenschutzerkl\u00e4rung des Gravatar-Dienstes finden Sie hier: https:\/\/automattic.com\/privacy\/. Nachdem Ihr Kommentar freigegeben wurde, ist Ihr Profilbild \u00f6ffentlich im Kontext Ihres Kommentars sichtbar.<\/p>\n\n\n\n<h6 class=\"wp-block-heading\">Medien<\/h6>\n\n\n\n<p>Wenn Sie ein registrierter Benutzer sind und Fotos auf diese Website laden, sollten Sie vermeiden, Fotos mit einem EXIF-GPS-Standort hochzuladen. Besucher dieser Website k\u00f6nnten Fotos, die auf dieser Website gespeichert sind, herunterladen und deren Standort-Informationen extrahieren.<\/p>\n\n\n\n<h6 class=\"wp-block-heading\">Cookies<\/h6>\n\n\n\n<p>Wenn Sie einen Kommentar auf unserer Website schreiben, kann das eine Einwilligung sein, Ihren Namen, E-Mail-Adresse und Website in Cookies zu speichern. Dies ist eine Komfortfunktion, damit Sie nicht, wenn Sie einen weiteren Kommentar schreiben, all diese Daten erneut eingeben m\u00fcssen. Diese Cookies werden ein Jahr lang gespeichert.<br>Falls Sie ein Konto haben und sich auf dieser Website anmelden, werden wir ein tempor\u00e4res Cookie setzen, um festzustellen, ob Ihr Browser Cookies akzeptiert. Dieses Cookie enth\u00e4lt keine personenbezogenen Daten und wird verworfen, wenn Sie Ihren Browser schlie\u00dfen.<br>Wenn Sie sich anmelden, werden wir einige Cookies einrichten, um Ihre Anmeldeinformationen und Anzeigeoptionen zu speichern. Anmelde-Cookies verfallen nach zwei Tagen und Cookies f\u00fcr die Anzeigeoptionen nach einem Jahr. Falls Sie bei der Anmeldung \u201eAngemeldet bleiben\u201c ausw\u00e4hlen, wird Ihre Anmeldung zwei Wochen lang aufrechterhalten. Mit der Abmeldung aus Ihrem Konto werden die Anmelde-Cookies gel\u00f6scht.<br>Wenn Sie einen Artikel bearbeiten oder ver\u00f6ffentlichen, wird ein zus\u00e4tzlicher Cookie in Ihrem Browser gespeichert. Dieser Cookie enth\u00e4lt keine personenbezogenen Daten und verweist nur auf die Beitrags-ID des Artikels, den Sie gerade bearbeitet haben. Der Cookie verf\u00e4llt nach einem Tag.<\/p>\n\n\n\n<h6 class=\"wp-block-heading\">Eingebettete Inhalte von anderen Websites<\/h6>\n\n\n\n<p>Beitr\u00e4ge auf dieser Website k\u00f6nnen eingebettete Inhalte beinhalten (z.B. Videos, Bilder, Beitr\u00e4ge etc.). Eingebettete Inhalte von anderen Websites verhalten sich exakt so, als ob der Besucher die andere Website besucht h\u00e4tte.<br>Diese Websites k\u00f6nnen Daten \u00fcber Sie sammeln, Cookies benutzen, zus\u00e4tzliche Tracking-Dienste von Dritten einbetten und Ihre Interaktion mit diesem eingebetteten Inhalt aufzeichnen, inklusive Ihrer Interaktion mit dem eingebetteten Inhalt, falls Sie ein Konto haben und auf dieser Website angemeldet sind.<\/p>\n\n\n\n<h6 class=\"wp-block-heading\">Wie lange wir Ihre Daten speichern<\/h6>\n\n\n\n<p>Wenn Sie einen Kommentar schreibst, wird dieser inklusive Metadaten zeitlich unbegrenzt gespeichert. Auf diese Art k\u00f6nnen wir Folgekommentare automatisch erkennen und freigeben, anstelle sie in einer Moderations-Warteschlange festzuhalten.<br>F\u00fcr Benutzer, die sich auf unserer Website registrieren, speichern wir zus\u00e4tzlich die pers\u00f6nlichen Informationen, die sie in ihren Benutzerprofilen angeben. Alle Benutzer k\u00f6nnen jederzeit ihre pers\u00f6nlichen Informationen einsehen, ver\u00e4ndern oder l\u00f6schen (der Benutzername kann nicht ver\u00e4ndert werden). Administratoren der Website k\u00f6nnen diese Informationen ebenfalls einsehen und ver\u00e4ndern.<\/p>\n\n\n\n<h6 class=\"wp-block-heading\">Welche Rechte Sie an Ihren Daten haben<\/h6>\n\n\n\n<p>Wenn Sie ein Konto auf dieser Website besitzen oder Kommentare geschrieben haben, k\u00f6nnen Sie einen Export Ihrer personenbezogenen Daten bei uns anfordern, inklusive aller Daten, die Sie uns mitgeteilt haben. Dar\u00fcber hinaus k\u00f6nnen Sie die L\u00f6schung aller personenbezogenen Daten, die wir von Ihnen gespeichert haben, anfordern. Dies umfasst nicht die Daten, die wir aufgrund administrativer, rechtlicher oder sicherheitsrelevanter Notwendigkeiten aufbewahren m\u00fcssen.<\/p>\n\n\n\n<h6 class=\"wp-block-heading\">Wohin wir Ihre Daten senden<\/h6>\n\n\n\n<p>Besucher-Kommentare k\u00f6nnten von einem automatisierten Dienst zur Spam-Erkennung untersucht werden.<\/p>\n","protected":false},"excerpt":{"rendered":"<p>Angaben gem\u00e4\u00df \u00a7 5 TMG Jugendf\u00f6rderverein des JudoTeam Steinheim Verein f\u00fcr Judo und Bewegung e.V.Steig\u00e4ckerstra\u00dfe 5171672 Marbach am Neckar Vereinsregister: 441Registergericht: Amtsgericht Marbach a.N. Vertreten durch den Vorstand:1. Vorsitzender: Beatrix K\u00e4stle (beatrix.kaestle@judo-steinheim.de) 2. Vorsitzender: Thomas Walter (thomas.walter@judo-steinheim.de) Kontakt Telefon: 0174\/2172900E-Mail: beatrix.kaestle@judo-steinheim.de Umsatzsteuer-ID Umsatzsteuer-Identifikationsnummer gem\u00e4\u00df \u00a7 27a Umsatzsteuergesetz: xxx Redaktionell verantwortlich Rita Herfurthc\/o JudoTeam SteinheimAutenbachstra\u00dfe 1571711 &hellip; <a href=\"https:\/\/www.judo-steinheim.de\/index.php\/impressum\/\" class=\"more-link\"><span class=\"screen-reader-text\">\u201eImpressum\u201c<\/span> weiterlesen<\/a><\/p>\n","protected":false},"author":1,"featured_media":0,"parent":0,"menu_order":0,"comment_status":"closed","ping_status":"closed","template":"","meta":{"footnotes":""},"class_list":["post-36","page","type-page","status-publish","hentry"],"_links":{"self":[{"href":"https:\/\/www.judo-steinheim.de\/index.php\/wp-json\/wp\/v2\/pages\/36","targetHints":{"allow":["GET"]}}],"collection":[{"href":"https:\/\/www.judo-steinheim.de\/index.php\/wp-json\/wp\/v2\/pages"}],"about":[{"href":"https:\/\/www.judo-steinheim.de\/index.php\/wp-json\/wp\/v2\/types\/page"}],"author":[{"embeddable":true,"href":"https:\/\/www.judo-steinheim.de\/index.php\/wp-json\/wp\/v2\/users\/1"}],"replies":[{"embeddable":true,"href":"https:\/\/www.judo-steinheim.de\/index.php\/wp-json\/wp\/v2\/comments?post=36"}],"version-history":[{"count":6,"href":"https:\/\/www.judo-steinheim.de\/index.php\/wp-json\/wp\/v2\/pages\/36\/revisions"}],"predecessor-version":[{"id":4370,"href":"https:\/\/www.judo-steinheim.de\/index.php\/wp-json\/wp\/v2\/pages\/36\/revisions\/4370"}],"wp:attachment":[{"href":"https:\/\/www.judo-steinheim.de\/index.php\/wp-json\/wp\/v2\/media?parent=36"}],"curies":[{"name":"wp","href":"https:\/\/api.w.org\/{rel}","templated":true}]}}