{"id":253,"date":"2019-01-13T18:11:41","date_gmt":"2019-01-13T17:11:41","guid":{"rendered":"http:\/\/wordpress.judo-steinheim.de\/?page_id=253"},"modified":"2025-07-16T21:29:53","modified_gmt":"2025-07-16T19:29:53","slug":"trainer","status":"publish","type":"page","link":"https:\/\/www.judo-steinheim.de\/index.php\/training\/trainer\/","title":{"rendered":"Trainer und \u00dcbungsleiter"},"content":{"rendered":"\n<h5 class=\"wp-block-heading\">Beatrix K\u00e4stle<\/h5>\n\n\n\n<figure class=\"wp-block-image size-large\"><img loading=\"lazy\" decoding=\"async\" width=\"1365\" height=\"910\" src=\"https:\/\/www.judo-steinheim.de\/wp-content\/uploads\/2025\/07\/sportfotos24_20250706_4670-2_Original-priv.-Nutzung_a7143d5a_-edited.jpg\" alt=\"\" class=\"wp-image-4812\" srcset=\"https:\/\/www.judo-steinheim.de\/wp-content\/uploads\/2025\/07\/sportfotos24_20250706_4670-2_Original-priv.-Nutzung_a7143d5a_-edited.jpg 1365w, https:\/\/www.judo-steinheim.de\/wp-content\/uploads\/2025\/07\/sportfotos24_20250706_4670-2_Original-priv.-Nutzung_a7143d5a_-edited-300x200.jpg 300w, https:\/\/www.judo-steinheim.de\/wp-content\/uploads\/2025\/07\/sportfotos24_20250706_4670-2_Original-priv.-Nutzung_a7143d5a_-edited-1024x683.jpg 1024w, https:\/\/www.judo-steinheim.de\/wp-content\/uploads\/2025\/07\/sportfotos24_20250706_4670-2_Original-priv.-Nutzung_a7143d5a_-edited-768x512.jpg 768w, https:\/\/www.judo-steinheim.de\/wp-content\/uploads\/2025\/07\/sportfotos24_20250706_4670-2_Original-priv.-Nutzung_a7143d5a_-edited-1200x800.jpg 1200w\" sizes=\"auto, (max-width: 709px) 85vw, (max-width: 909px) 67vw, (max-width: 1362px) 62vw, 840px\" \/><\/figure>\n\n\n\n<p><em>verantwortlich f\u00fcr das Training aller Gruppen einschl. Wettkampfbetreuung<\/em><\/p>\n\n\n\n<ul class=\"wp-block-list\">\n<li>6. Dan<\/li>\n\n\n\n<li>Trainer A-Lizenz Judo<\/li>\n\n\n\n<li>Trainerin seit 1986<\/li>\n\n\n\n<li>Trainerin des Jahres 2009 des Landessportverbands Baden-W\u00fcrttemberg<\/li>\n\n\n\n<li>Trainerin des Jahres 2009 des Deutschen Judo-Bundes<\/li>\n\n\n\n<li>Organisation s\u00e4mtlicher sportlicher Veranstaltungen des Vereins<\/li>\n<\/ul>\n\n\n\n<figure class=\"wp-block-image size-large is-resized\"><img loading=\"lazy\" decoding=\"async\" width=\"1024\" height=\"939\" src=\"https:\/\/www.judo-steinheim.de\/wp-content\/uploads\/2025\/07\/DJB-T-A-0281657-signet-1024x939.jpg\" alt=\"\" class=\"wp-image-4809\" style=\"width:260px;height:auto\" srcset=\"https:\/\/www.judo-steinheim.de\/wp-content\/uploads\/2025\/07\/DJB-T-A-0281657-signet-1024x939.jpg 1024w, https:\/\/www.judo-steinheim.de\/wp-content\/uploads\/2025\/07\/DJB-T-A-0281657-signet-300x275.jpg 300w, https:\/\/www.judo-steinheim.de\/wp-content\/uploads\/2025\/07\/DJB-T-A-0281657-signet-768x705.jpg 768w, https:\/\/www.judo-steinheim.de\/wp-content\/uploads\/2025\/07\/DJB-T-A-0281657-signet-1200x1101.jpg 1200w, https:\/\/www.judo-steinheim.de\/wp-content\/uploads\/2025\/07\/DJB-T-A-0281657-signet.jpg 1417w\" sizes=\"auto, (max-width: 709px) 85vw, (max-width: 909px) 67vw, (max-width: 1362px) 62vw, 840px\" \/><\/figure>\n\n\n\n<h5 class=\"wp-block-heading\">Steffen Hoffmann<\/h5>\n\n\n\n<figure class=\"wp-block-image\"><img loading=\"lazy\" decoding=\"async\" width=\"1024\" height=\"720\" src=\"https:\/\/www.judo-steinheim.de\/wp-content\/uploads\/2019\/02\/20190203A7R03788-e1550012371173-1024x720.jpg\" alt=\"\" class=\"wp-image-821\" srcset=\"https:\/\/www.judo-steinheim.de\/wp-content\/uploads\/2019\/02\/20190203A7R03788-e1550012371173-1024x720.jpg 1024w, https:\/\/www.judo-steinheim.de\/wp-content\/uploads\/2019\/02\/20190203A7R03788-e1550012371173-300x211.jpg 300w, https:\/\/www.judo-steinheim.de\/wp-content\/uploads\/2019\/02\/20190203A7R03788-e1550012371173-768x540.jpg 768w, https:\/\/www.judo-steinheim.de\/wp-content\/uploads\/2019\/02\/20190203A7R03788-e1550012371173.jpg 1145w\" sizes=\"auto, (max-width: 709px) 85vw, (max-width: 909px) 67vw, (max-width: 1362px) 62vw, 840px\" \/><\/figure>\n\n\n\n<p><em><em>Trainer als Vertretung in allen Gruppen<\/em><\/em><\/p>\n\n\n\n<ul class=\"wp-block-list\">\n<li>2. Dan<\/li>\n\n\n\n<li> Trainer B-Lizenz Judo<\/li>\n\n\n\n<li> 3. Platz Jugendweltmeisterschaft 2009<\/li>\n\n\n\n<li> Deutscher Meister 2016<\/li>\n\n\n\n<li> 1. Bundesliga f\u00fcr KSV Esslingen<\/li>\n<\/ul>\n\n\n\n<h5 class=\"wp-block-heading\">Lena Hoffmann<\/h5>\n\n\n\n<p><em><em>Leiterin d<\/em>er Judo-Maus-Gruppen &amp; der \u201eMonchichi\u201c-Gruppe<\/em><\/p>\n\n\n\n<h5 class=\"wp-block-heading\">Assistenztrainer Judo<\/h5>\n\n\n\n<p>Philipp Dobersch\u00fctz, 1. Dan<br>Milo Ernstmeier, 1. Dan<br>Valentin Fleischle, 1. Dan<br>Joshua Hall, 1. Kyu<br>Timo H\u00f6nes, 2. Kyu<br>Tim Kunkel, 1. Dan<br>Dilay Yilmaz, 2. Kyu<\/p>\n\n\n\n<h5 class=\"wp-block-heading\">\u00dcbungsleiterhelfer<\/h5>\n\n\n\n<p>Kyara Lawin-Ore<br>Alfonso Petruzzella<br>Ryan Rill<br>Sarina Weihrich<br>Alexia Weihrich<br>Cora Wenig<br><\/p>\n","protected":false},"excerpt":{"rendered":"<p>Beatrix K\u00e4stle verantwortlich f\u00fcr das Training aller Gruppen einschl. Wettkampfbetreuung Steffen Hoffmann Trainer als Vertretung in allen Gruppen Lena Hoffmann Leiterin der Judo-Maus-Gruppen &amp; der \u201eMonchichi\u201c-Gruppe Assistenztrainer Judo Philipp Dobersch\u00fctz, 1. DanMilo Ernstmeier, 1. DanValentin Fleischle, 1. DanJoshua Hall, 1. KyuTimo H\u00f6nes, 2. KyuTim Kunkel, 1. DanDilay Yilmaz, 2. Kyu \u00dcbungsleiterhelfer Kyara Lawin-OreAlfonso PetruzzellaRyan RillSarina &hellip; <a href=\"https:\/\/www.judo-steinheim.de\/index.php\/training\/trainer\/\" class=\"more-link\"><span class=\"screen-reader-text\">\u201eTrainer und \u00dcbungsleiter\u201c<\/span> weiterlesen<\/a><\/p>\n","protected":false},"author":1,"featured_media":0,"parent":260,"menu_order":0,"comment_status":"closed","ping_status":"closed","template":"","meta":{"footnotes":""},"class_list":["post-253","page","type-page","status-publish","hentry"],"_links":{"self":[{"href":"https:\/\/www.judo-steinheim.de\/index.php\/wp-json\/wp\/v2\/pages\/253","targetHints":{"allow":["GET"]}}],"collection":[{"href":"https:\/\/www.judo-steinheim.de\/index.php\/wp-json\/wp\/v2\/pages"}],"about":[{"href":"https:\/\/www.judo-steinheim.de\/index.php\/wp-json\/wp\/v2\/types\/page"}],"author":[{"embeddable":true,"href":"https:\/\/www.judo-steinheim.de\/index.php\/wp-json\/wp\/v2\/users\/1"}],"replies":[{"embeddable":true,"href":"https:\/\/www.judo-steinheim.de\/index.php\/wp-json\/wp\/v2\/comments?post=253"}],"version-history":[{"count":22,"href":"https:\/\/www.judo-steinheim.de\/index.php\/wp-json\/wp\/v2\/pages\/253\/revisions"}],"predecessor-version":[{"id":4813,"href":"https:\/\/www.judo-steinheim.de\/index.php\/wp-json\/wp\/v2\/pages\/253\/revisions\/4813"}],"up":[{"embeddable":true,"href":"https:\/\/www.judo-steinheim.de\/index.php\/wp-json\/wp\/v2\/pages\/260"}],"wp:attachment":[{"href":"https:\/\/www.judo-steinheim.de\/index.php\/wp-json\/wp\/v2\/media?parent=253"}],"curies":[{"name":"wp","href":"https:\/\/api.w.org\/{rel}","templated":true}]}}