{"id":17,"date":"2019-01-05T20:42:54","date_gmt":"2019-01-05T20:42:54","guid":{"rendered":"http:\/\/wordpress.judo-steinheim.de\/?page_id=17"},"modified":"2025-07-16T21:12:23","modified_gmt":"2025-07-16T19:12:23","slug":"foerderverein","status":"publish","type":"page","link":"https:\/\/www.judo-steinheim.de\/index.php\/foerderverein\/","title":{"rendered":"F\u00f6rderverein"},"content":{"rendered":"\n<p>Jugendf\u00f6rderverein JudoTeam Steinheim e.V.<br>Steig\u00e4ckerstra\u00dfe 51<br>71672 Marbach a.N.<\/p>\n\n\n\n<h5 class=\"wp-block-heading\">Aufgaben<\/h5>\n\n\n\n<p>Der Jugendf\u00f6rderverein zur Unterst\u00fctzung des Judosports in Steinheim wurde im Jahr 2001 gegr\u00fcndet. Der Zweck des Vereins ist die ideelle und finanzielle Unterst\u00fctzung der Jugend des JudoTeam Steinheim. <\/p>\n\n\n\n<p>Im Getriebe des JudoTeam stellt der F\u00f6rderverein somit ein wichtiges Zahnrad dar. Er unterst\u00fctzt die sportliche Entwicklung der Kinder und Jugendlichen, f\u00f6rdert die Teamentwicklung und den Spa\u00df am Sport. Der Verein organisiert gemeinsam mit dem JudoTeam jedes Jahr Veranstaltungen wie die Sport-Spiel-Spa\u00df-Exkursion, die Trainingscamps in den Ferien oder die Skifreizeit. Der Wettkampfbetrieb wird unterst\u00fctzt, indem Startgelder und Lehrgangsgeb\u00fchren f\u00fcr die Judoka \u00fcbernommen werden. Ebenso wird die Betreuung der Judoka bei Wettk\u00e4mpfen und Lehrg\u00e4ngen durch die Trainer erm\u00f6glicht, indem ein Teil ihrer Unkosten bezahlt wird.<\/p>\n\n\n\n<p>In den letzten Jahren konnte der F\u00f6rderverein durch die Anschaffung verschiedener Sportger\u00e4te einen Beitrag zur Steigerung der Trainingsqualit\u00e4t sowie zu Abwechslung und Spa\u00df am Judo leisten. Au\u00dferdem konnte so das Sportangebot um die Kurse \u203aIt\u2019s my life\u2039 und \u203aFunctional Training\u2039 erweitert werden, die bereits nach kurzer Zeit sehr beliebt sind.<\/p>\n\n\n\n<p>Neben der finanziellen Unterst\u00fctzung des Judosports zeigt sich der F\u00f6rderverein auch f\u00fcr die F\u00f6rderung sozialer Kompetenzen, wie beispielsweise Mitverantwortung, Teamarbeit und Hilfsbereitschaft verantwortlich und bindet die Jugendlichen aktiv in die Vereinsarbeit ein.<\/p>\n\n\n\n<p>Durch Mitgliedsbeitr\u00e4ge, Spenden und Einnahmen aus Veranstaltungen wie dem Osterhasen-Freundschafts-Cup kann der F\u00f6rderverein all das leisten. <\/p>\n\n\n\n<p>Wenn Sie die Arbeit des Jugendf\u00f6rdervereins unterst\u00fctzen m\u00f6chten, freuen wir uns auf Ihre Mitgliedschaft. Sehr gern k\u00f6nnen Sie<br> den Verein auch mit Sach- oder Geldspenden unterst\u00fctzen.<br><\/p>\n\n\n\n<p>Mitglieder des Jugendf\u00f6rdervereins erhalten Rabatt beim Vereinsequipment sowie bei einzelnen Events.<\/p>\n\n\n\n<p>Wir freuen uns auf Sie!<\/p>\n\n\n\n<h5 class=\"wp-block-heading\">Satzung<\/h5>\n\n\n\n<div class=\"wp-block-file\"><a href=\"https:\/\/www.judo-steinheim.de\/wp-content\/uploads\/2019\/01\/Satzung_JFV.pdf\">Satzung F\u00f6rderverein<\/a><a href=\"https:\/\/www.judo-steinheim.de\/wp-content\/uploads\/2019\/01\/Satzung_JFV.pdf\" class=\"wp-block-file__button wp-element-button\" download>Herunterladen<\/a><\/div>\n\n\n\n<h5 class=\"wp-block-heading\">Aufnahmeantrag \/ Vertrag<\/h5>\n\n\n\n<div class=\"wp-block-file\"><a href=\"https:\/\/www.judo-steinheim.de\/wp-content\/uploads\/2019\/01\/Aufnahmeantrag_JFV.pdf\">Aufnahmeantrag F\u00f6rderverein<\/a><a href=\"https:\/\/www.judo-steinheim.de\/wp-content\/uploads\/2019\/01\/Aufnahmeantrag_JFV.pdf\" class=\"wp-block-file__button wp-element-button\" download>Herunterladen<\/a><\/div>\n\n\n\n<h5 class=\"wp-block-heading\">Bankverbindung<\/h5>\n\n\n\n<p>Jugendf\u00f6rderverein Judo e.V.<br>IBAN DE63 6045 0050 0000 0904 81<br>BIC SOLADES1LBG (Kreissparkasse Ludwigsburg)<\/p>\n\n\n\n<h5 class=\"wp-block-heading\">Vorstand<\/h5>\n\n\n\n<div class=\"wp-block-media-text alignwide\" style=\"grid-template-columns:37% auto\"><figure class=\"wp-block-media-text__media\"><img loading=\"lazy\" decoding=\"async\" width=\"768\" height=\"1024\" src=\"https:\/\/www.judo-steinheim.de\/wp-content\/uploads\/2025\/07\/20250506_124342-768x1024.jpg\" alt=\"\" class=\"wp-image-4796 size-full\" srcset=\"https:\/\/www.judo-steinheim.de\/wp-content\/uploads\/2025\/07\/20250506_124342-768x1024.jpg 768w, https:\/\/www.judo-steinheim.de\/wp-content\/uploads\/2025\/07\/20250506_124342-225x300.jpg 225w, https:\/\/www.judo-steinheim.de\/wp-content\/uploads\/2025\/07\/20250506_124342-1152x1536.jpg 1152w, https:\/\/www.judo-steinheim.de\/wp-content\/uploads\/2025\/07\/20250506_124342-1200x1599.jpg 1200w, https:\/\/www.judo-steinheim.de\/wp-content\/uploads\/2025\/07\/20250506_124342.jpg 1340w\" sizes=\"auto, (max-width: 768px) 85vw, 768px\" \/><\/figure><div class=\"wp-block-media-text__content\">\n<p><em>1. Vorsitzende<\/em><br>Trixi K\u00e4stle<br><a href=\"mailto:trixi.kaestle@judo-steinheim.de\">trixi.kaestle@judo-steinheim.de<\/a><br><\/p>\n<\/div><\/div>\n\n\n\n<div class=\"wp-block-media-text alignwide\" style=\"grid-template-columns:37% auto\"><figure class=\"wp-block-media-text__media\"><img loading=\"lazy\" decoding=\"async\" width=\"391\" height=\"259\" src=\"https:\/\/www.judo-steinheim.de\/wp-content\/uploads\/2019\/01\/JFV_Vorstand_02.jpg\" alt=\"\" class=\"wp-image-157 size-full\" srcset=\"https:\/\/www.judo-steinheim.de\/wp-content\/uploads\/2019\/01\/JFV_Vorstand_02.jpg 391w, https:\/\/www.judo-steinheim.de\/wp-content\/uploads\/2019\/01\/JFV_Vorstand_02-300x199.jpg 300w\" sizes=\"auto, (max-width: 391px) 85vw, 391px\" \/><\/figure><div class=\"wp-block-media-text__content\">\n<p><em>2. Vorsitzender<br><\/em>Dr. Thomas Walter<br><a href=\"mailto:thomas.walter@judo-steinheim.de\">thomas.walter@judo-steinheim.de<\/a><br><\/p>\n<\/div><\/div>\n\n\n\n<div class=\"wp-block-media-text alignwide\" style=\"grid-template-columns:37% auto\"><figure class=\"wp-block-media-text__media\"><img loading=\"lazy\" decoding=\"async\" width=\"768\" height=\"1024\" src=\"https:\/\/www.judo-steinheim.de\/wp-content\/uploads\/2025\/07\/20250626_194336-768x1024.jpg\" alt=\"\" class=\"wp-image-4802 size-full\" srcset=\"https:\/\/www.judo-steinheim.de\/wp-content\/uploads\/2025\/07\/20250626_194336-768x1024.jpg 768w, https:\/\/www.judo-steinheim.de\/wp-content\/uploads\/2025\/07\/20250626_194336-225x300.jpg 225w, https:\/\/www.judo-steinheim.de\/wp-content\/uploads\/2025\/07\/20250626_194336-1152x1536.jpg 1152w, https:\/\/www.judo-steinheim.de\/wp-content\/uploads\/2025\/07\/20250626_194336-1200x1600.jpg 1200w, https:\/\/www.judo-steinheim.de\/wp-content\/uploads\/2025\/07\/20250626_194336.jpg 1536w\" sizes=\"auto, (max-width: 768px) 85vw, 768px\" \/><\/figure><div class=\"wp-block-media-text__content\">\n<p><em>Schriftf\u00fchrerin<\/em><br>Rita Herfurth<br><a href=\"mailto:rita.herfurth@judo-steinheim.de\">rita.herfurth@judo-steinheim.de<\/a><br><\/p>\n<\/div><\/div>\n\n\n\n<div class=\"wp-block-media-text alignwide\" style=\"grid-template-columns:37% auto\"><figure class=\"wp-block-media-text__media\"><img loading=\"lazy\" decoding=\"async\" width=\"768\" height=\"1024\" src=\"https:\/\/www.judo-steinheim.de\/wp-content\/uploads\/2025\/07\/20250625_192736-768x1024.jpg\" alt=\"\" class=\"wp-image-4799 size-full\" srcset=\"https:\/\/www.judo-steinheim.de\/wp-content\/uploads\/2025\/07\/20250625_192736-768x1024.jpg 768w, https:\/\/www.judo-steinheim.de\/wp-content\/uploads\/2025\/07\/20250625_192736-225x300.jpg 225w, https:\/\/www.judo-steinheim.de\/wp-content\/uploads\/2025\/07\/20250625_192736-1152x1536.jpg 1152w, https:\/\/www.judo-steinheim.de\/wp-content\/uploads\/2025\/07\/20250625_192736-1200x1601.jpg 1200w, https:\/\/www.judo-steinheim.de\/wp-content\/uploads\/2025\/07\/20250625_192736.jpg 1504w\" sizes=\"auto, (max-width: 768px) 85vw, 768px\" \/><\/figure><div class=\"wp-block-media-text__content\">\n<p><em>Schatzmeisterin<\/em><br>Helga Hoffmann<br><a href=\"mailto:helga.hoffmann@judo-steinheim.de\">helga.hoffmann@judo-steinheim.de<\/a><br><\/p>\n<\/div><\/div>\n","protected":false},"excerpt":{"rendered":"<p>Jugendf\u00f6rderverein JudoTeam Steinheim e.V.Steig\u00e4ckerstra\u00dfe 5171672 Marbach a.N. Aufgaben Der Jugendf\u00f6rderverein zur Unterst\u00fctzung des Judosports in Steinheim wurde im Jahr 2001 gegr\u00fcndet. Der Zweck des Vereins ist die ideelle und finanzielle Unterst\u00fctzung der Jugend des JudoTeam Steinheim. Im Getriebe des JudoTeam stellt der F\u00f6rderverein somit ein wichtiges Zahnrad dar. Er unterst\u00fctzt die sportliche Entwicklung der Kinder &hellip; <a href=\"https:\/\/www.judo-steinheim.de\/index.php\/foerderverein\/\" class=\"more-link\"><span class=\"screen-reader-text\">\u201eF\u00f6rderverein\u201c<\/span> weiterlesen<\/a><\/p>\n","protected":false},"author":1,"featured_media":0,"parent":0,"menu_order":0,"comment_status":"closed","ping_status":"closed","template":"","meta":{"footnotes":""},"class_list":["post-17","page","type-page","status-publish","hentry"],"_links":{"self":[{"href":"https:\/\/www.judo-steinheim.de\/index.php\/wp-json\/wp\/v2\/pages\/17","targetHints":{"allow":["GET"]}}],"collection":[{"href":"https:\/\/www.judo-steinheim.de\/index.php\/wp-json\/wp\/v2\/pages"}],"about":[{"href":"https:\/\/www.judo-steinheim.de\/index.php\/wp-json\/wp\/v2\/types\/page"}],"author":[{"embeddable":true,"href":"https:\/\/www.judo-steinheim.de\/index.php\/wp-json\/wp\/v2\/users\/1"}],"replies":[{"embeddable":true,"href":"https:\/\/www.judo-steinheim.de\/index.php\/wp-json\/wp\/v2\/comments?post=17"}],"version-history":[{"count":12,"href":"https:\/\/www.judo-steinheim.de\/index.php\/wp-json\/wp\/v2\/pages\/17\/revisions"}],"predecessor-version":[{"id":4808,"href":"https:\/\/www.judo-steinheim.de\/index.php\/wp-json\/wp\/v2\/pages\/17\/revisions\/4808"}],"wp:attachment":[{"href":"https:\/\/www.judo-steinheim.de\/index.php\/wp-json\/wp\/v2\/media?parent=17"}],"curies":[{"name":"wp","href":"https:\/\/api.w.org\/{rel}","templated":true}]}}