{"id":15,"date":"2019-01-05T20:42:42","date_gmt":"2019-01-05T20:42:42","guid":{"rendered":"http:\/\/wordpress.judo-steinheim.de\/?page_id=15"},"modified":"2026-02-05T23:00:07","modified_gmt":"2026-02-05T22:00:07","slug":"termine","status":"publish","type":"page","link":"https:\/\/www.judo-steinheim.de\/index.php\/termine\/","title":{"rendered":"Termine"},"content":{"rendered":"\n<div class=\"wp-block-file\"><a id=\"wp-block-file--media-df76c901-5956-444d-b7b4-57dea5bd235b\" href=\"https:\/\/www.judo-steinheim.de\/wp-content\/uploads\/2019\/01\/Meldeliste_JudoTeam_Steinheim.xlsx\" target=\"_blank\" rel=\"noreferrer noopener\"><br>Meldeliste JudoTeam Steinheim<\/a><a href=\"https:\/\/www.judo-steinheim.de\/wp-content\/uploads\/2019\/01\/Meldeliste_JudoTeam_Steinheim.xlsx\" class=\"wp-block-file__button wp-element-button\" download aria-describedby=\"wp-block-file--media-df76c901-5956-444d-b7b4-57dea5bd235b\">Herunterladen<\/a><\/div>\n\n\n\n<hr class=\"wp-block-separator has-alpha-channel-opacity is-style-wide\"\/>\n\n\n\n<p><strong>21. M\u00e4rz 2026<\/strong><br>Osterhasen-Freundschafts-Cup<\/p>\n\n\n\n<div data-wp-interactive=\"core\/file\" class=\"wp-block-file\"><object data-wp-bind--hidden=\"!state.hasPdfPreview\" hidden class=\"wp-block-file__embed\" data=\"https:\/\/www.judo-steinheim.de\/wp-content\/uploads\/2026\/02\/Ausschreibung_Osterhasencup_26.pdf\" type=\"application\/pdf\" style=\"width:100%;height:600px\" aria-label=\"Einbettung von Ausschreibung.\"><\/object><a id=\"wp-block-file--media-3089c2db-85bf-4683-9034-d76b940e729f\" href=\"https:\/\/www.judo-steinheim.de\/wp-content\/uploads\/2026\/02\/Ausschreibung_Osterhasencup_26.pdf\" target=\"_blank\" rel=\"noreferrer noopener\">Ausschreibung<\/a><a href=\"https:\/\/www.judo-steinheim.de\/wp-content\/uploads\/2026\/02\/Ausschreibung_Osterhasencup_26.pdf\" class=\"wp-block-file__button wp-element-button\" download aria-describedby=\"wp-block-file--media-3089c2db-85bf-4683-9034-d76b940e729f\">Herunterladen<\/a><\/div>\n\n\n\n<hr class=\"wp-block-separator has-alpha-channel-opacity is-style-wide\"\/>\n\n\n\n<p><strong>22. M\u00e4rz 2026<\/strong><br>G\u00fcrtelfarbenturnier<\/p>\n\n\n\n<div data-wp-interactive=\"core\/file\" class=\"wp-block-file\"><object data-wp-bind--hidden=\"!state.hasPdfPreview\" hidden class=\"wp-block-file__embed\" data=\"https:\/\/www.judo-steinheim.de\/wp-content\/uploads\/2026\/02\/Ausschreibung_Guertelfarbenturnier_26.pdf\" type=\"application\/pdf\" style=\"width:100%;height:600px\" aria-label=\"Einbettung von Ausschreibung.\"><\/object><a id=\"wp-block-file--media-3b410a5a-0af2-4f01-9647-8ac66e3e2b1b\" href=\"https:\/\/www.judo-steinheim.de\/wp-content\/uploads\/2026\/02\/Ausschreibung_Guertelfarbenturnier_26.pdf\" target=\"_blank\" rel=\"noreferrer noopener\">Ausschreibung<\/a><a href=\"https:\/\/www.judo-steinheim.de\/wp-content\/uploads\/2026\/02\/Ausschreibung_Guertelfarbenturnier_26.pdf\" class=\"wp-block-file__button wp-element-button\" download aria-describedby=\"wp-block-file--media-3b410a5a-0af2-4f01-9647-8ac66e3e2b1b\">Herunterladen<\/a><\/div>\n\n\n\n<hr class=\"wp-block-separator has-alpha-channel-opacity is-style-wide\"\/>\n","protected":false},"excerpt":{"rendered":"<p>21. M\u00e4rz 2026Osterhasen-Freundschafts-Cup 22. M\u00e4rz 2026G\u00fcrtelfarbenturnier<\/p>\n","protected":false},"author":1,"featured_media":0,"parent":0,"menu_order":0,"comment_status":"closed","ping_status":"closed","template":"","meta":{"footnotes":""},"class_list":["post-15","page","type-page","status-publish","hentry"],"_links":{"self":[{"href":"https:\/\/www.judo-steinheim.de\/index.php\/wp-json\/wp\/v2\/pages\/15","targetHints":{"allow":["GET"]}}],"collection":[{"href":"https:\/\/www.judo-steinheim.de\/index.php\/wp-json\/wp\/v2\/pages"}],"about":[{"href":"https:\/\/www.judo-steinheim.de\/index.php\/wp-json\/wp\/v2\/types\/page"}],"author":[{"embeddable":true,"href":"https:\/\/www.judo-steinheim.de\/index.php\/wp-json\/wp\/v2\/users\/1"}],"replies":[{"embeddable":true,"href":"https:\/\/www.judo-steinheim.de\/index.php\/wp-json\/wp\/v2\/comments?post=15"}],"version-history":[{"count":101,"href":"https:\/\/www.judo-steinheim.de\/index.php\/wp-json\/wp\/v2\/pages\/15\/revisions"}],"predecessor-version":[{"id":4913,"href":"https:\/\/www.judo-steinheim.de\/index.php\/wp-json\/wp\/v2\/pages\/15\/revisions\/4913"}],"wp:attachment":[{"href":"https:\/\/www.judo-steinheim.de\/index.php\/wp-json\/wp\/v2\/media?parent=15"}],"curies":[{"name":"wp","href":"https:\/\/api.w.org\/{rel}","templated":true}]}}